2
Let x be (11/1)/((-3)/(-87)). Let i = x + -228. What are the prime factors of i?
7, 13
Suppose -b + 0*b - y = -6, -4*y - 4 = 0. Suppose -b*u = -4*u. Suppose u = -4*t - 0*t + 176. List the prime factors of t.
2, 11
Let i = 2357 - 870. What are the prime factors of i?
1487
List the prime factors of (-12)/(84/35) + 1167.
2, 7, 83
Suppose -6 = -3*n, 3*p - 5*p = 2*n - 1388. What are the prime factors of p?
2, 173
Suppose 0 = -5*a + 6*t - 5*t + 1541, 5*a - 5*t = 1545. What are the prime factors of a?
2, 7, 11
Let o(k) be the second derivative of -k**5/20 + 5*k**4/12 + 7*k**3/6 - 2*k**2 + 5*k. Let g be (3/6)/(2/24). What are the prime factors of o(g)?
2
Suppose 0*z = 2*z + 4. Let m be z/(-1)*(-176)/(-11). Let k = -20 + m. What are the prime factors of k?
2, 3
Let b(g) = 2*g**2 + 4*g + 6. Let f be b(-2). Suppose -f*w + 940 = -2*w. List the prime factors of w.
5, 47
Let u = 137 + -71. Suppose -4*a + 394 = u. List the prime factors of a.
2, 41
Let n(b) = -43*b + 54. List the prime factors of n(-18).
2, 3, 23
Let p be -34*(-7)/((-14)/(-4)). Suppose -5*d + 22 = -p. List the prime factors of d.
2, 3
Suppose 0 = 20*y - 11*y - 4284. What are the prime factors of y?
2, 7, 17
Let g(m) = -2*m**3 - 3*m + 7. Let u be g(5). Let x = u - -443. What are the prime factors of x?
5, 37
Suppose 0 = -d + 3*j + 14, -3*d + 0*d = 5*j - 70. Let r = 1159 + -1119. Let s = d + r. List the prime factors of s.
2, 3, 5
Let t(x) be the third derivative of x**6/60 - x**5/15 + x**4/4 - 5*x**3/6 - x**2. What are the prime factors of t(3)?
31
Let b(h) = -h**2 - 13*h + 35. Let t be b(-15). Suppose 66 + 34 = t*x. What are the prime factors of x?
2, 5
Let t = -285 + 157. Let z be 2 + 33/(-21) + (-2554)/14. Let q = t - z. What are the prime factors of q?
2, 3
Let m(y) = -y**2 - 132*y - 72. List the prime factors of m(-24).
2, 3, 5, 7
What are the prime factors of 53 - -752 - (-6 + 2)?
809
Let q = 917 - 135. Suppose 0 = 3*y - q + 170. What are the prime factors of y?
2, 3, 17
Suppose -3*m + 2*n + 2500 = 0, -7*n = -3*m - 2*n + 2497. What are the prime factors of m?
2, 3, 139
Let m be ((-16)/2)/((-2)/(-2)). Let f(g) = -3*g - 12. Let j be f(m). Let l = -4 + j. What are the prime factors of l?
2
Let g = 1 - -2. Suppose g*b = 4*b. Suppose -6*r + 0*r + 72 = b. What are the prime factors of r?
2, 3
Let w(q) = -35*q + 3. Let k be w(-3). Suppose -k - 116 = -v. List the prime factors of v.
2, 7
Let i = 848 + -510. Let d = -217 + i. What are the prime factors of d?
11
Suppose 0 = p + 2*p - 12. Suppose -2*b + 45 = 3*b. What are the prime factors of (84/b)/(p/6)?
2, 7
Let y(f) be the first derivative of -f**4/4 + 29*f**3/3 + 3*f**2 + 16*f + 35. List the prime factors of y(29).
2, 5, 19
Suppose b + 5 = -5*w + 28, 0 = -5*w + 5. Let y be b/42 - 53/(-7). Suppose 146 = y*j - 6*j. List the prime factors of j.
73
Let v = 481 - 164. List the prime factors of v.
317
Let r be (-1)/3*0/(-6). Suppose -a = -3 - r. Suppose h = 4*w + 65, 4*h - 173 - 48 = a*w. List the prime factors of h.
53
Suppose 18 + 2 = 10*f. What are the prime factors of (1 - f)/((-3)/753)?
251
Let u(q) be the second derivative of q**5/20 - 7*q**4/12 - q**3 - 3*q**2/2 + 10*q. What are the prime factors of u(9)?
3, 5, 7
Let g = -6105 - -8648. List the prime factors of g.
2543
Let f(i) be the first derivative of i**4/4 + 10*i**3/3 - i**2/2 + 3*i + 13. What are the prime factors of f(-7)?
157
Let b be (8/(-4) + 2)/1. Let k(g) = -g**3 + 50. What are the prime factors of k(b)?
2, 5
Let r(q) = 588*q**2 - 15*q + 34. What are the prime factors of r(2)?
2, 19, 31
Let o(l) = l + 7 + 15*l**3 - 16*l**3 + 4*l + 7*l**2. List the prime factors of o(7).
2, 3, 7
Suppose 0 = -2*i + 22*i - 18300. What are the prime factors of i?
3, 5, 61
Let x = -18 - -18. Suppose x = 4*g - 142 - 34. List the prime factors of g.
2, 11
Let u(b) = b**3 - b - 2. Let x = -26 + 28. What are the prime factors of u(x)?
2
Let t be 9/((-2)/6*36/(-8)). Suppose -t*s - 38 = -8*s. What are the prime factors of s?
19
Suppose g + 3 - 17 = 3*m, 3*m + 10 = 5*g. Let r(x) = 2*x - 1. Let n be r(g). List the prime factors of (-3 + 5 + n)*-15.
3, 5
What are the prime factors of (3 - (-12)/(-16))*(-137680)/(-60)?
3, 1721
Let j be (-102)/(-4) + 4/(-8). Let p = -40 + 27. Let f = j + p. What are the prime factors of f?
2, 3
Let w(q) = 3*q**3 - q + 1. Let d be w(1). What are the prime factors of -4 + 4 + d + 14?
17
Let u(f) = f**2 + f - 4. Let m be u(-3). Suppose -m*p = p. Suppose -5*l - b + 138 = p, 5*l - 141 + 15 = 3*b. List the prime factors of l.
3
Suppose 2*h - h + r = -118, 3*r - 479 = 4*h. What are the prime factors of (-14)/h + (-4227)/(-51)?
83
Let z be (-2 - -2)/1*1. Suppose -2*d = -5*j + 9, 0 = d - z*d - 5*j + 17. What are the prime factors of -2*(-116)/d - 2?
3
Suppose 2*s - 3 = -u, u + 0*u - 3 = -3*s. Suppose 3*h - 9 = -u. Suppose -6 = y - h*y. List the prime factors of y.
2, 3
Let p(i) = i**2 - i - 12. Let c be p(0). Let k be (-2)/(-4) + 6/c. Suppose -14 + k = -f. List the prime factors of f.
2, 7
Let z = 2637 - 1061. What are the prime factors of z?
2, 197
Suppose -27*v - 2658 = -33*v. What are the prime factors of v?
443
Suppose -3*i - 22 = -6*i - 4*a, 3*a - 20 = -4*i. Let g be (i/4)/(5/30). Suppose -u - g*u = -12. What are the prime factors of u?
3
Suppose -5*y + 5115 = -2*s, 5*y - 4*s - 1631 - 3474 = 0. List the prime factors of y.
5, 41
Let h = -110 - -649. What are the prime factors of h?
7, 11
Suppose -3*v - 17 = -p - 57, 2*v = 4*p + 30. Let r = v - 10. Suppose q = r*q - 28. List the prime factors of q.
2, 7
Let m(t) = t**3 - 12*t**2 - 62*t - 32. What are the prime factors of m(21)?
5, 17, 31
Suppose -4*c - 4479 = -5*n, 3608 = 4*n + 4*c - c. What are the prime factors of n?
29, 31
Let v = 63 - 64. List the prime factors of 66/v*2/(-3).
2, 11
Suppose 6*z + 50 = 4*z. Let y = z + 28. List the prime factors of y.
3
Let s(r) = -5*r - 27. Let v(n) = -11*n - 55. Suppose 3*g = g - 5*j - 16, 43 = -3*g + 2*j. Let c(f) = g*s(f) + 6*v(f). What are the prime factors of c(6)?
3, 5
What are the prime factors of (-6)/(-2) + (291 - 4)?
2, 5, 29
Suppose -10*s + 6*s - 24 = 0. Let g(d) = -d**2 - 11*d - 8. List the prime factors of g(s).
2, 11
Let q(d) = -d**2 - 44*d + 144. What are the prime factors of q(-35)?
3, 17
Suppose z + 2*z + 15 = -3*h, -1 = -z. Let l = h + 9. Let s(i) = i**2 + 2*i. List the prime factors of s(l).
3, 5
Suppose 8 = 3*r - 4. Suppose 0 = -n + r*j + 54, 3*j - 4 = j. Let o = 95 - n. What are the prime factors of o?
3, 11
Let a(s) = 51*s**2 - 3*s + 7. Let b(o) = o. Let f(q) = a(q) + b(q). What are the prime factors of f(2)?
3, 23
Let r be (-3)/(-2) - (11/(-2) + 5). Let w(x) = 3*x - 9. Let f be w(7). Suppose r*m + 3*p + p = f, 5*p - 8 = -2*m. What are the prime factors of m?
2, 7
List the prime factors of ((-19)/(-38))/((-1)/10) - -314.
3, 103
Let s = 313 - 23. What are the prime factors of s?
2, 5, 29
Let c be (-3 + 2)/(-1)*(-3 + 6). List the prime factors of (c - 12/(-10))/((-2)/(-10)).
3, 7
Let u(x) = -x**3 - 3*x**2. Let o be u(-3). Suppose -g - g = o. Suppose -t + g*t + 2 = 0. List the prime factors of t.
2
Let t(n) = -n**2 - 9*n - 14. Let h be t(-7). Suppose -4*k + 0*k + 8 = h. List the prime factors of k.
2
Suppose 3*d = i + 47, 2*d = -3*i + 54 - 19. Let c be 7/(1*(1 + 0)). Suppose q - d = c. List the prime factors of q.
23
Suppose r - 5405 = -5*t, t + r = -3*r + 1062. List the prime factors of t.
2, 541
Suppose -6*t + 230 + 190 = 0. Suppose -2*o + 229 = 3*r - t, -743 = -5*o - 3*r. List the prime factors of o.
2, 37
Let s be ((-10)/(-15))/(10/(-15)). Let j(k) = k**3 - 4*k**2 - 5*k + 6. Let c be j(5). List the prime factors of c*(-2)/(s - 5).
2
Suppose -127010 = -67*v + 11479. What are the prime factors of v?
3, 13, 53
Let n(p) be the first derivative of p**4/2 - 13*p**3/3 + 8*p**2 - 12*p + 2. List the prime factors of n(7).
149
Let a(i) = -6*i - 9. Let q(v) = 18*v + 26. Let c(w) = -11*a(w) - 4*q(w). Let z be c(-2). What are the prime factors of 8/28 + 250/z?
2, 3
Let w = 34 - 30. Suppose -6*a + w*a = -52. List the prime factors of a.
2, 13
Let y(a) = a**3 + 22*a**2 + 16*a + 88. List the prime factors of y(-15).
1423
Suppose 2*d - 147 = 127. Let i = d - 79. What are the prime factors of i?
2, 29
Let c be 2/(-7) - (-37)/7. Let v = 13 - c. Suppose 7*z + 12 = v*z. List the prime fa